d + 4*p + 24, 2*d + c*p = -3*p + 9. Calculate the remainder when d is divided by o.
2
Let j be (2 + 1)/(6/80). Suppose -4*i = -j - 0. Let g(t) = t**3 + 6*t**2 - 4*t + 5. What is the remainder when g(-6) is divided by i?
9
Let f be 86/10 + 14/35. Suppose -k + 0*v + f = -4*v, -3*v - 8 = -k. Calculate the remainder when -19*(2 + (-4 - -1)) is divided by k.
4
Let s = 302 - 266. What is the remainder when s is divided by 13?
10
Let r(b) = 47*b + 123. Calculate the remainder when r(5) is divided by 18.
16
Let j(m) = 36*m**2 - 5*m - 11. Let t be j(-2). Let f = t + -89. Calculate the remainder when 269 is divided by f.
53
Let y = -48 - -8. Let i = -8 - y. Calculate the remainder when i is divided by 11.
10
Suppose 21 = -3*j + 2*j + 5*f, 4*f = -2*j - 70. Let p = j + 69. Calculate the remainder when p is divided by 10.
8
Let r = -386 + 397. Calculate the remainder when 230 is divided by r.
10
Calculate the remainder when 424 is divided by 83 + 1 + -4 + (9 - 3).
80
Suppose -192 = -f - 2*f. Suppose 0*j + 548 - 128 = 12*j. What is the remainder when f is divided by j?
29
Suppose -2*v - 6*v = -2264. What is the remainder when v is divided by 26?
23
Suppose 9 - 4 = x. Let h be (x/10)/(2/(-12)). Calculate the remainder when (2/(-3))/(h/27) is divided by 4.
2
Suppose 5*c = -k - 71, -3*k + c - 159 = 102. What is the remainder when 68 is divided by k/(-6) - (-1)/(-3)?
12
Let j = 22 + 67. What is the remainder when j is divided by -2 - 3/6*-50?
20
Suppose -6*c = -2*c - 116. Let x(y) = y**3 - 24*y**2 + 28*y - 29. What is the remainder when x(23) is divided by c?
28
Let h be (4 - (-44)/(-8))*(-376)/6. Suppose -3*s = -4*f + 127, 0 = -4*f + f + s + h. What is the remainder when f is divided by 5?
1
Suppose 426 = 3*j - 642. Calculate the remainder when j is divided by 36.
32
Let d = -5532 + 10277. Calculate the remainder when d is divided by 14.
13
Let x(g) = -128*g - 1. Let a be x(-1). Suppose n - a = -3*j, -2*j - 1 = 2*n - 87. What is the remainder when j is divided by 9?
6
Calculate the remainder when 76 is divided by -2 + 25 + -1 - (5 - 0).
8
Suppose 11*q - 48 = 14*q. Let u = q + 20. What is the remainder when 13 is divided by u?
1
Suppose -b - 4*w + 15 - 10 = 0, 0 = -3*b + 3*w + 45. What is the remainder when 71 is divided by b?
6
Suppose -a = -3*q + 155, -3*q - 62*a + 151 = -67*a. What is the remainder when 200 is divided by q?
44
Let w(t) = -t**3 - 7*t**2 + 6*t - 14. Suppose u - 4 = 0, 0 = -4*q + 3*u + 6 + 6. Calculate the remainder when q is divided by w(-8).
0
Let r(y) = -16*y**3 - 2*y**2 + 1. Calculate the remainder when 3/((18/176)/3) is divided by r(-1).
13
Let r = 22 + -19. Let o be (-27)/18 + r/2. Suppose -2*g + 12 = -o. Calculate the remainder when 21 is divided by g.
3
Suppose -3*j = -2*j - 6. Suppose -5*d = 2*q + 408, 3*q + 598 = -2*d - 2*d. Calculate the remainder when q/(-12) - (-10)/(-60) is divided by j.
4
Let q(p) = -p**3 + 18*p**2 + 41*p + 40. Calculate the remainder when q(20) is divided by 21.
18
Suppose 5*r = -f + 4*r - 140, 2*r = -10. Calculate the remainder when (-6)/2 - f/5 is divided by 14.
10
What is the remainder when 17 is divided by (-35)/350 + (-61)/(-10)?
5
Let h(l) = -6*l + 243. Calculate the remainder when 539 is divided by h(33).
44
Let c = -271 - -289. What is the remainder when 53 is divided by c?
17
Suppose -374 = n - 18*n. Let h = 33 - n. What is the remainder when 36 is divided by h?
3
Suppose -18 = 4*v + z - 4*z, 2*v + 3*z = 0. Let c(i) = 6*i**2 + 4*i + 2. Calculate the remainder when c(v) is divided by 6.
2
Let x(u) = u**2 + 3*u + 9. Suppose 15 = -f - 4*f. Calculate the remainder when 107 is divided by x(f).
8
Let v = 14 - -241. What is the remainder when v is divided by 65?
60
Let a(h) = -99*h - 88. Calculate the remainder when a(-2) is divided by 35.
5
Let d(h) = h**2 - 3*h + 3. Let m = 97 + -53. Let v = -36 + m. Calculate the remainder when v is divided by d(3).
2
Let r = -682 + 912. What is the remainder when r is divided by 7?
6
Let k = 108 - 96. Let o(f) = 6*f**2 - 4*f + 7. Calculate the remainder when o(-5) is divided by k.
9
Suppose -260 = -8*x - 25*l + 21*l, 0 = -5*l + 25. Let n = 44 + 73. Calculate the remainder when n is divided by x.
27
Let d be (-3)/12 - (-188)/(-16). Let g(s) = -s - 8. Let u be g(d). Suppose 63 = u*a + 3. Calculate the remainder when 59 is divided by a.
14
Suppose 3*x - l = 345, l - 139 = -3*x + 212. Let a = x - 107. Let u(z) = -z**3 - 2*z**2 + 3*z + 6. Calculate the remainder when u(-4) is divided by a.
8
Suppose 3*p - 117 - 63 = 0. Let n(t) = t**2 - 23*t - 34. What is the remainder when n(30) is divided by p?
56
Let n(t) = -36*t**3 - 4*t**2 - 5*t - 2. What is the remainder when 160 is divided by n(-1)?
20
Let p(r) = r**2 - 4*r + 9. Let a = -29 - -33. Let s = -10 + 15. Calculate the remainder when p(a) is divided by s.
4
Let q = -111 + 127. Suppose n + 4*l - 7 = -0*l, 3*n + 3*l = 12. Suppose -n*i + 124 = -i. What is the remainder when i is divided by q?
14
Let i = -131 + 300. What is the remainder when i is divided by 10?
9
Let f(r) = -45*r - 2. Let x be f(1). Let m = 49 + x. What is the remainder when 10 is divided by m?
0
Let r(c) = -c - 12. Suppose 5*q + 64 = q + 4*g, 0 = 4*q + g + 69. What is the remainder when 7 is divided by r(q)?
2
Let t(m) = m**2 + 41*m + 79. What is the remainder when 221 is divided by t(-40)?
26
Suppose 3*k + 9248 = 19*k. Calculate the remainder when k is divided by 20.
18
Suppose -2*z - 9 = -5*z. Suppose -c + 228 = 3*y, 0*c + z = c. Suppose 11*a - 165 = 44. What is the remainder when y is divided by a?
18
Suppose 0 = 4*p - 5 - 11. Suppose -4*w + 8 + 0 = 0. Suppose j = 3 - w. Calculate the remainder when p is divided by j.
0
Let b(g) = -g - 5. Let x be b(-6). Let c = 9 - 2. Calculate the remainder when 29 - x - (-6 + 8) is divided by c.
5
Let v(x) = 50*x - 450. Calculate the remainder when v(12) is divided by 38.
36
Let z(d) be the third derivative of -d**6/120 - d**5/10 - d**4/8 - 7*d**3/6 + d**2. What is the remainder when z(-6) is divided by (2 - -1) + 1*(2 + 2)?
4
Suppose 367 = 7*h + 73. Let u be -2 + (16/1)/2. Let j = 28 - u. What is the remainder when h is divided by j?
20
Suppose 593 = 6*j - 2833. Calculate the remainder when j is divided by 96.
91
Let j(l) = -2*l**3 - 6*l**2 - 16*l - 33. What is the remainder when j(-7) is divided by 119?
114
Suppose -d = h + 4*d - 68, 5*h - 4*d - 311 = 0. Suppose -6 = 3*o - 24. What is the remainder when h is divided by (10 - -2)/(o/8)?
15
Let g be (-12)/(-4*2/(-12)). Calculate the remainder when 15 is divided by (g/(-15))/(9/60).
7
Let a be (-1 + -4)/(4/(-64)). Suppose 5*r - a = 5*t + 425, -3*r = 4*t - 338. Suppose 2*x - r = 16. Calculate the remainder when x is divided by 16.
13
Let i = 15 + -9. Let a = 8 - i. Suppose -5*g = 5*d - a*d - 23, 0 = -3*d + 2*g + 58. Calculate the remainder when 30 is divided by d.
14
Let m = -10 + 12. Suppose q = m*q. Suppose -c + 8 = -q. What is the remainder when 13 is divided by c?
5
Let z(t) = t**3 - 2*t**2 + 5*t - 4. Let d(x) = x**2 - 7*x + 9. Let v be d(6). What is the remainder when 78 is divided by z(v)?
18
What is the remainder when (-1)/(-8) + 9598*(-7)/(-112) is divided by 87?
78
Let p(k) = 3*k + 22. What is the remainder when 153 is divided by p(-3)?
10
Let k = 2006 + -1986. What is the remainder when 188 is divided by k?
8
Let o(d) = -3*d + 10. Let g be o(12). Let k = 62 + g. Let c = 33 + -14. What is the remainder when k is divided by c?
17
Suppose 22*q - 28*q = -612. Calculate the remainder when q is divided by (-4)/(-6)*3*13.
24
Let x = 17 - 9. Suppose -33*k + 32*k - 50 = 0. What is the remainder when (k/15 + 3)*-66 is divided by x?
6
Let o(w) = 25*w + 1. Let s(k) = -k**3 - 3*k**2 + k + 4. Let z be s(-3). Let b = -211 + 220. What is the remainder when o(z) is divided by b?
8
Suppose -3*y + 16 = y. Suppose y*r - 9*r + 195 = 0. What is the remainder when r is divided by 11?
6
Calculate the remainder when 502 is divided by -4 + (10 - 16/(-8)).
6
Let k be (87/4 - 2)/(11/44). Suppose -p + 0*p = -3*s + 221, k = s + 5*p. Calculate the remainder when s is divided by 19.
17
Suppose -4*s + 1 = 3*o - 46, -2*s = -2*o + 50. What is the remainder when 61 is divided by o?
19
Let i(c) = c**3 + 9*c**2 + 11*c + 57. Calculate the remainder when 229 is divided by i(-7).
73
Let r be (-3 - 0)/